f) = f**2 + f + 1. Let c(d) = d**3 + 17*d**2 - 29*d - 4. Let s(k) = -c(k) + 2*y(k). What is the tens digit of s(-18)?
2
Suppose 2*t - 36 = 8*t. Let n(k) = 16*k - 14. Let w be n(t). Let h = -41 - w. What is the tens digit of h?
6
Suppose m = -4*n + 6*m + 29, 3*n - 13 = -5*m. Let q(t) = 7*t + 4. Let f(z) = -21*z - 11. Let o(v) = -6*f(v) - 17*q(v). What is the units digit of o(n)?
0
Suppose -63839 = -5*p - 3*g, 0 = p + 4*p + 5*g - 63845. What is the thousands digit of p?
2
Let j = 54 - 76. What is the tens digit of 66/(-363) + (-14744)/j?
7
Let r(v) = -v**2 + 4*v + 3. Let c be r(9). Let d = -49 - c. What is the units digit of d/(-14)*14*1?
7
Let a be (-2)/9 + (-38)/(-9). Suppose 7*l = 12*l - 4*p - 204, a*p = 16. What is the tens digit of l?
4
What is the thousands digit of (1 + -13)*((-76800)/36)/10?
2
Let a(b) = 82*b**2 + 12*b - 8. Let w = -425 + 428. What is the tens digit of a(w)?
6
Suppose 23*y = 16*y + 49. Let k(x) = 5 - 12 - 3 + y*x. What is the units digit of k(19)?
3
Suppose 7*x = 311 + 445. Suppose -4*v + x = -644. What is the hundreds digit of v?
1
Let r(h) = h**3 - 12*h**2 - 32*h - 4. Let p be r(14). Let o = 133 - p. What is the tens digit of o?
9
Suppose -9*c + 7*c = 6, -22141 = -2*b - c. What is the thousands digit of b?
1
Suppose 2*w + 0*w + 16 = -5*s, 0 = -5*w - 4*s - 40. Let a be (2/w*0)/2. Suppose n + a*n - 200 = -5*d, 0 = d - 4*n - 19. What is the units digit of d?
9
Let z be 2 - -3 - (-1 - -1). Suppose -8*a - 7*a = -52*a + 21608. Suppose -3*m + 7*m = -z*j + a, 0 = -m + 1. What is the tens digit of j?
1
What is the thousands digit of 4 + 11/(((-3)/6)/(8765/(-10)))?
9
Suppose -53*v + 162984 = -91310. What is the thousands digit of v?
4
Let g(m) = 493*m - 2894. What is the units digit of g(7)?
7
Let l(p) = 211*p + 65165. What is the units digit of l(0)?
5
Let o(g) = -14*g**2 - 17*g + 63. Let y(j) = -21*j**2 - 25*j + 94. Let f(h) = 7*o(h) - 5*y(h). What is the hundreds digit of f(8)?
4
Let s(z) = 3*z**3 - 49*z**2 - 60*z + 139. What is the tens digit of s(24)?
4
Let j = 105508 - 75073. What is the ten thousands digit of j?
3
Suppose r + i = 44, -3*r + i + 85 + 59 = 0. Suppose 44*k - r*k = -435. What is the tens digit of k?
4
What is the tens digit of (5500 + 38)*((-160)/(-15) + -2)?
9
Suppose -4*y - 846 = 3*c - 4579, 0 = 3*y + c - 2796. Let h = y + 105. What is the tens digit of h?
3
Suppose 3*i = 5*k - 28 - 6, 4*i - 8 = 0. Suppose -k*h + 354 = -6*h. What is the units digit of h?
7
Let i be 37398 + -4 + 4 + -9. Suppose -8*t = 25*t - i. What is the tens digit of t?
3
Let w = -119958 - -195480. What is the units digit of w?
2
Let g = 4 - 7. What is the units digit of ((-327)/(-2))/(2 + g/2)?
7
Suppose 3*n = 12 - 0. Suppose 3*y - o - 673 = -0*y, -5*y + 1131 = -n*o. What is the hundreds digit of y?
2
Let j(y) = -y**3 + 12*y**2 - 12*y + 2. Let i = -181 - -189. What is the units digit of j(i)?
2
Let s(z) = z**2 - 20*z + 30. Let t be s(18). What is the units digit of ((-885)/t)/((-5)/(-10))?
5
Suppose 5*o = -5*t + 20, -3*o + 2*o + 10 = -5*t. Let r be -4 + (-30)/3*t. What is the units digit of r/(-15) - (-557)/5?
1
Let i = -444 - -548. Suppose -v + 6*v - 20 = 0. What is the units digit of i - 0*v/(-16)?
4
Let x(d) = -d**3 + 10*d**2 - 23*d. Let c be x(6). What is the hundreds digit of 11/33 - (-868)/c?
1
Let f = 44 + -41. Suppose 0 = i - 4*l - 7, -3*i - i + 9 = f*l. Suppose -t = 2*d + i*d + 18, -4*d = 5*t - 15. What is the units digit of t?
7
Let z(b) = -284 - 2*b**2 + 282 + b**2 + 2*b + 2*b**3 + 3*b. Let k be z(4). Suppose 5*m - 7*m = -k. What is the units digit of m?
5
Let k(z) = 671*z**2 - 36*z + 105. What is the tens digit of k(-6)?
7
Let q(y) = 2*y. Let k = -75 + 79. Let v(d) = 11*d + 6. Let t(m) = k*q(m) + v(m). What is the tens digit of t(12)?
3
Let p = -454 - -456. What is the tens digit of (p/(-6))/((80/(-28575))/16)?
0
Let o be (6/3)/((-4)/(-334)). Suppose 5 = 3*f - 2*f. Suppose f*m = o + 373. What is the tens digit of m?
0
Let g(d) = -4*d**3 + 3*d**2 + d + 9. Let a be g(-11). Suppose -2*b + a = 5*t + 3*b, 2*t - 2281 = 5*b. What is the hundreds digit of t?
1
Let p(w) = 154*w**2 - 13*w - 4. Let j be p(3). Suppose 4*u = 2*t - 1352, 2*t - 2*u - j = -7*u. What is the tens digit of t?
7
Let n be ((-7)/6)/(2/(-3))*8. Let p = -7 + n. Suppose -p*i + 324 = -4*i. What is the hundreds digit of i?
1
Let t(v) be the second derivative of v**5/20 + v**4/3 - v**3 - v**2/2 - 33*v. Let k be t(-5). Suppose k*s = 173 + 503. What is the units digit of s?
9
Suppose 5613 = b - 0*b - 3*h, -2*b = -4*h - 11236. Suppose -27*r - 1794 = -b. What is the hundreds digit of r?
1
Let k = 983 + -527. Suppose f = 5*l + 134, 17*f - 14*f = -3*l + k. What is the hundreds digit of f?
1
Let f be 2/9 - 502/(-9). Let z = f + -44. What is the tens digit of (z/(-15))/((-2)/(-10)) - -157?
5
What is the hundreds digit of (626558/(-259) + 1/7)*(1 - 12)?
6
Let q(p) = -10*p - 9. Suppose 2*w - s = 3 - 0, 2*w + 3*s = -17. Let v be q(w). What is the tens digit of ((-24)/32)/(v/(-72))?
5
Let i = -45 + 51. Let n(g) = -g**2 + 4*g + 8. Let t be n(i). What is the units digit of 12 + (t/2 - 2)?
8
Let h be 166568/47 + -2 + 2. Let q = h + -2051. What is the tens digit of q?
9
Suppose 3*p + 85 = 79. Let q be (-261)/p*12/18. Let d = q + 199. What is the hundreds digit of d?
2
Let d = 629 + 7473. Suppose -14*n - 1704 + d = 0. What is the hundreds digit of n?
4
Suppose 5*b - 15 = 0, -5*w - 3*b + 4 = -5. Suppose 14*v = -w*v + 2058. What is the units digit of v?
7
Let h(t) = -4*t**3 - 5*t**2 - 3*t - 1. Let l = -136 + 132. What is the tens digit of h(l)?
8
Suppose 2*b = -b. Suppose -3*v + f = 40 + 166, -2*v + 2*f - 140 = b. Let x = -18 - v. What is the units digit of x?
0
Let q(s) = 4*s**2 - 20*s - 27. Let w be q(7). What is the thousands digit of 13982/12 + (w/6 - 5)?
1
Suppose -254*f + 293*f - 412659 = 0. What is the tens digit of f?
8
What is the units digit of -6 - (2829/207)/(2/(-222))?
1
Let o = -3 - -3. Suppose a + o*a - 13 = 0. Suppose -3*k - 5*t = -0*t - a, 5*t - 6 = 4*k. What is the units digit of k?
1
Suppose 4*u = 3*h + 2112, -h - 721 = -5*u + 1919. Let w = u + 461. What is the tens digit of w?
8
Let n(q) = 10*q**2 - 11*q + 32. Let b = 207 - 201. What is the tens digit of n(b)?
2
Let a be (6/4)/((15/230)/(-3)). Let f = a - -87. Suppose -25*b = -24*b - f. What is the tens digit of b?
1
Let g(w) = 3*w + 573. What is the units digit of g(-31)?
0
Suppose -2*g + 10634 + 4190 = 4*s, 0 = -2*s - 5*g + 7428. What is the thousands digit of s?
3
Let i(s) = 54*s + 171. Let d(y) = -81*y - 257. Let f(k) = 5*d(k) + 7*i(k). What is the hundreds digit of f(-7)?
1
Suppose i + 30 = 2*i + 5*p, 3*p = 4*i - 74. Suppose 0 = -4*d + i + 24. Let a(k) = 3*k + 14. What is the units digit of a(d)?
7
Suppose -4*i + 546 = -1298. Let y = i - 249. What is the hundreds digit of y?
2
Suppose -n = v - 13, -9 = -4*n - 29. What is the hundreds digit of (1004/v)/(14/126)?
5
Let w be (-4)/6 - (-104)/(-36)*-3. Let k(b) = 2*b - 2 - b - w + 61*b. What is the tens digit of k(3)?
7
Suppose 3*h = 0, 0 = -w - 3*w + 2*h + 16. Suppose f - 2*f - 2182 = -3*p, -w*p + 2920 = 4*f. What is the tens digit of p?
2
Suppose 5*l - 21 = 2*w, 7*l - 4*l + 2*w - 3 = 0. Let t be 44 + l*6/(-9). Suppose -3*y + t = -18. What is the tens digit of y?
2
Let x(k) = k**3 - 4*k**2 - 44*k - 43. What is the hundreds digit of x(21)?
5
Let q = -72 - -76. Let g(j) = 26*j - 1. Let v be g(q). Let z = 105 - v. What is the units digit of z?
2
Suppose -o - 3*o - 2 = v, -v = 5*o + 2. What is the tens digit of (-9 - v/1)*-98?
8
Let x(c) = 62004*c**2 - 212*c + 214. What is the units digit of x(1)?
6
Let s(j) = 10 + 18 + 14*j - 54 - 13*j**2 + j**3. Let t be s(12). What is the units digit of (t/10 - 5213/(-65)) + 4?
4
Suppose -6*u + 35869 = -0*j - j, 0 = -3*j - 3. What is the tens digit of u?
7
Suppose 2*x - 13476 = -4*g, -7282 = -3*g - 2*x + 2826. What is the hundreds digit of g?
3
Let i(w) = -587*w**3 + 34*w + 153. What is the ten thousands digit of i(-4)?
3
Let b(u) be the second derivative of 5*u**4/12 + 8*u**3 + 9*u**2/2 - u + 20. What is the hundreds digit of b(-16)?
5
Suppose 3*o - 19*o = -48. What is the units digit of (-269)/(-2)*(o + 3 + -4)?
9
Let g(n) = -132*n + 13. Let l be g(-5). Suppose 2*z + 3*r = 4*r + 444, l = 3*z + 2*r. What is the hundreds digit of 